e a + 2 + 17 = 5*p, -4*a = 5*p + 1. Is (a/(-6))/(1/o) a composite number?
True
Let m = 779 + -282. Is m a composite number?
True
Let n(y) = -5*y**2 - 3*y - 1. Let b(v) = 6*v**2 + 4*v. Let o(j) = 6*b(j) + 7*n(j). Let w be o(7). Suppose g = 4*g - w. Is g prime?
False
Let x be 1/((-4)/(-3) - 1). Let d be ((-3)/1)/(x/(-5)). Suppose 4*w = 8*b - 3*b - 383, 5*b = -d*w + 410. Is b prime?
True
Let g(k) = -7 - k + 3 + 34*k**2 - 4*k. Is g(-3) composite?
False
Let w = -3 + 6. Let g be (w - 0)/(1 - -2). Is g/1 - (-4 + -1) a composite number?
True
Suppose -w + 718 = -0*w - 5*x, 0 = 4*w + x - 2977. Is w a composite number?
False
Let d(q) = q**3 + 11*q**2 + 2*q + 1. Let a be d(-6). Let u = a + -90. Is u composite?
False
Let d = -10 - -14. Suppose 0 = 5*m - a - 675, -216 - 324 = -4*m - d*a. Is 4/(-14) + m/7 composite?
False
Is (-2)/3*(-18114)/4 a prime number?
True
Let q be 6/6 + (-2 - 0). Let r(p) = -177*p**3 + 2*p**2 - 1. Is r(q) prime?
False
Suppose -2*l + 1190 = 3*i - i, 3*l + 2959 = 5*i. Suppose i = 3*h + 20. Is h composite?
False
Let b(i) = 17*i**3 + 4*i**2 + 2. Is b(3) prime?
False
Let c(a) = -3*a**3 + 4*a**2 - 2*a - 4. Suppose -7 = 5*l - 2*g, 0*l + g + 7 = -l. Is c(l) prime?
False
Let b be 128/20 + 4/(-10). Let p(z) = z**2 - 4*z + 2. Let f be p(b). Let m = f - 7. Is m composite?
False
Suppose -6*w - 11 = -3*w - u, 17 = -4*w - u. Let y(a) = -2*a + 5. Let o be y(w). Suppose 2*z = -3*q + 9, 7*z - 3*z + q = o. Is z a prime number?
True
Suppose -23 - 259 = -w. Is 10/(-3)*w/(-4) composite?
True
Let i(h) = h**3 + 11*h**2 + 12*h - 11. Is i(-9) a composite number?
False
Suppose 2*q + 4*q = 1122. Is q a composite number?
True
Let b(h) = -3*h + 77. Is b(0) a prime number?
False
Let c(z) = z**2 - 15*z - 5. Let p(b) = -2*b**2 + 15*b + 6. Let w(k) = 3*c(k) + 2*p(k). Is w(-7) a composite number?
False
Let t = 425 - 202. Is t prime?
True
Let h be ((-280)/30)/((-4)/66). Suppose -5*p + 3*p + h = 0. Is p prime?
False
Let c(h) = 13*h**2 + 2*h - 2. Suppose -3*k - 2*k - 21 = -3*d, 0 = -2*d + 4. Is c(k) prime?
True
Suppose 0*v = -2*v - 36. Let a be (v/2)/(-3 + 2). Is (a/12)/((-2)/(-8)) a prime number?
True
Let y = -14387 - -22656. Is y prime?
True
Let f be 3*43 - (0 + -1). Suppose 18 = 4*s - f. Is s a prime number?
True
Is 1636/20 + (-4)/(-20) a prime number?
False
Suppose -16 = -2*u - 2*u. Suppose u*a - 2*a = 334. Is a a prime number?
True
Let x(d) = 303*d - 24. Is x(11) a composite number?
True
Let n(a) = 2*a**2 - 7*a. Let q be n(7). Suppose -3*l + q = -188. Is l a composite number?
False
Let o(n) = -6 + 17*n + 6 - 2 - 4. Is o(4) prime?
False
Let p(r) = -r**3 - 6*r**2 - 6*r - 1. Let k be p(-5). Suppose k*q = -2*x, -3*q + 10 = -q. Is (-546)/x + (-6)/(-15) prime?
False
Let u = -1 - 3. Let v(a) = 25*a + 2. Let d(j) = 25*j + 3. Let x(n) = u*v(n) + 3*d(n). Is x(-2) a prime number?
False
Suppose -2*s + 10*s - 168 = 0. Is s prime?
False
Let z be (-30)/(-7) - (-4)/(-14). Suppose -z*t = 0, 3*t = -10*u + 5*u + 10. Is (-3)/6 - (-27)/u prime?
True
Suppose 0 = -3*t + 8*t - 1575. Let m = t - 68. Is m composite?
True
Suppose -6*n = -2*n - 5*c - 1509, 2*n - 3*c = 755. Let u = 669 - n. Is u composite?
False
Let m(h) = 5*h + 6. Let f(j) = 14*j + 17. Let x(k) = -4*f(k) + 11*m(k). Let y be x(0). Is (-7)/(y*(-2)/(-4)) prime?
True
Let w be (4/6)/((-4)/(-18)). Let i be (-15)/(-6) + (-2)/4. Suppose i*h - o = 27, -2*h - 4*o + w = -39. Is h a composite number?
True
Let g(u) = 70*u - 11. Is g(6) composite?
False
Suppose h + 70 = 6*h. Is h prime?
False
Let m(c) = -c**2 + 3. Let d be m(0). Suppose 0 = -5*j - 3*g + 2522, -5*j + d*g + 881 = -1617. Is j a composite number?
True
Suppose -5*d = 25, 2*d - 10 = -3*r - r. Suppose -3*q + 5*o + 0*o = -103, 0 = -r*q - 2*o + 151. Is q composite?
False
Let s = 242 + -129. Is s prime?
True
Let o(z) = 2008*z + 2. Let x be o(2). Is 8/(-36) - x/(-18) prime?
True
Let f(c) = -9 + 2*c**2 + 0*c**2 + 0. Is f(-7) composite?
False
Let v = 8 + -6. Suppose v*y - 176 = -3*b, -2*y - 71 + 249 = 2*b. Is y a composite number?
True
Suppose 0 = -2*l - 5*q - 29, 4*q + 12 = -3*l + 7*l. Is (1/l)/((-12)/4776) composite?
False
Suppose t - 388 = -3*j, -t + 364 = 5*j - 10*j. Is t a prime number?
True
Suppose -11*c - 5358 = -17*c. Is c a prime number?
False
Suppose -2*i - 3*i + 40 = 0. Is 294 + -1 - i/(-4) prime?
False
Suppose x + 1900 = 5*l - 621, 0 = 3*l + 3*x - 1527. Is l a composite number?
True
Let k(u) = -20*u + 1. Let g(z) = 20*z - 1. Let q(w) = -5*g(w) - 6*k(w). Is q(4) a composite number?
False
Suppose 5*c - 5*u + u = 455, -c = -4*u - 91. Is c a composite number?
True
Let u = 15 - 10. Suppose 3*q - u = 7. Is (-326)/(-4)*(q - 2) a prime number?
True
Let p(x) = -3*x - 3*x**2 - 14*x**3 + 6*x**2 + 0*x**2 + 1 + 29*x**3. Is p(2) a composite number?
False
Let h(o) = o**2 + 6*o + 4. Let w be h(-6). Suppose 5*z = w*b - 15, -3*b + 22 = -3*z + 2*b. Is (1 + z + -1)*19 prime?
True
Suppose 4*j - 16 = 0, 5*m = -5*j + 23 + 27. Suppose -698 = -m*d + 640. Is d a prime number?
True
Let c(z) = z**2 + 2. Suppose 4*y = -5*b - 1, 5*b - 4 = -29. Let n be c(y). Let x = n - 15. Is x a prime number?
True
Let h(b) = -111*b + 1. Suppose -2 = -2*j + 3*a, 2*j + 2 = -2*a - 6. Is h(j) a prime number?
True
Suppose 5*x + 14 = 2*h + 68, 0 = 4*x - 2*h - 42. Let y be (1/(-5))/(7/(-35)). Is (y + 3)*267/x a prime number?
True
Let f = 85 + 150. Suppose -j + 203 = 4*m, -2*j + f = 5*m - 18. Is m prime?
False
Let u be 10 - (-3)/(-9)*3. Let a be 24/u*(2 + 1). Is a/(-44) - (-92)/22 a composite number?
True
Let u(h) = h**2 + 5. Let c = -1 - 4. Let d be u(c). Suppose 9 = -2*b + 1, -2*z = -b - d. Is z prime?
True
Let s = -10 + 204. Suppose 4*n - 82 = s. Is n a composite number?
True
Let b(k) = -17*k**2 - 1. Let j be b(-1). Is ((-46)/(-3))/((-4)/j) a prime number?
False
Suppose -2013 = 6*p - 9*p. Is p a composite number?
True
Let m(i) = i**2 - 4*i + 5. Let t be m(4). Suppose x - t = 0, 4*w - 7*x + 2*x - 3 = 0. Is w prime?
True
Suppose 2*s - 881 = 1001. Is s composite?
False
Suppose 0 = -2*i + 2*u + 1348, 3*i - 2736 = -i - 4*u. Is i composite?
True
Suppose -2*x = -6 - 14. Let u = -6 + x. Is 705/9 + u/6 a composite number?
False
Let o(f) = -f + 1. Let i be o(-3). Suppose 0 = -x - i*x. Suppose -3*u - 5*p + 69 + 27 = x, 0 = 4*p + 12. Is u a prime number?
True
Suppose -3*j + 535 = 2*j + 5*c, -2*j + c = -202. Is j a composite number?
False
Let k(x) = -x**3 + 8*x**2 - 3*x - 4. Let i be k(5). Suppose 4*n - 3*p + 62 = -63, -5*p + 80 = -3*n. Let l = i + n. Is l a prime number?
False
Suppose 5*o - 2*o - 6 = 0. Suppose k = o*k + 12. Is ((-93)/k)/((-3)/(-12)) a composite number?
False
Suppose -4*z = 0, -4*k + 3*z = -0*k - 1892. Is k prime?
False
Is (-3 + -1)/(4/(-626)) a prime number?
False
Suppose 0 = -3*q - p + 34, 5 = -p + 3. Suppose -q = 5*j - 3*j. Let x(u) = -u**3 - 5*u**2 - 7*u + 7. Is x(j) composite?
True
Suppose 0 = -2*v + 8, 2*v = 5*r - 3*v + 20. Let i(t) = -t**2 - 15. Let b be i(r). Let s = b + 21. Is s a prime number?
False
Suppose c - 222 = 25. Is c composite?
True
Let r(p) = p**2 - 4*p - 8. Let q be r(6). Suppose -5*v - 507 = 2*m - 2508, -1612 = -4*v + q*m. Is v a composite number?
False
Suppose 0*h = -h + 30. Is (0 - h)*(-14)/28 composite?
True
Let b = 64 - -717. Is b a composite number?
True
Let y(h) = -h + 5. Let z(s) = 2*s - 4. Let a(i) = -2*y(i) - 3*z(i). Let l = -1 + -1. Is a(l) composite?
True
Let x = 47 + 42. Is x a prime number?
True
Suppose -8 = -5*s + 2. Suppose 5*g = 4*a - 666, -g = -s*a + g + 334. Is a composite?
True
Let p(x) = 6*x**3 + 5*x**2 - 5*x + 5. Let k(h) = -2*h - 10. Let a be k(-7). Is p(a) a prime number?
True
Suppose 3*s = -s + 4. Is (-58*s)/((-14)/119) prime?
False
Let u(q) = 0 - 9*q + 3 + 27*q. Is u(5) a prime number?
False
Let o(j) be the third derivative of -j**6/4 + j**5/30 + j**4/24 + 3*j**2. Is o(-1) prime?
True
Let y(v) = -v**2 - 11*v - 6. Let z be y(-6). Let m = z - 10. Is (-7)/(0 + (-2)/m) a prime number?
False
Let h(y) = -3*y**3 + 2*y**2 - 7*y + 2. Is h(-4) composite?
True
Let r(x) = 5*x**3 - 3*x**2 - 4*x + 5. Let v be r(4). Let b = v + 106. Is b prime?
True
Suppose -2*v = -7*v + 15. Suppose -8*h + 165 = -v*h. Is h a prime number?
False
Suppose 0 = -2*z + 6*z - 1196. Is z a prime number?
False
Let r = 937 + -406. Let u = -308 + r. Is u a composite number?
False
Suppose 0 = 5*o - 761 + 36. Is